er?
True
Is 14843181 prime?
False
Is 380542619 prime?
True
Is 1796209 a prime number?
False
Is 19636997 a prime number?
False
Is 53035471 composite?
False
Is 479169611 composite?
False
Is 574100913 a composite number?
True
Is 204145919 composite?
True
Is 304375769 composite?
True
Is 1956761 composite?
False
Is 187003 composite?
False
Is 11342339 a composite number?
True
Is 339441 prime?
False
Is 6348067 composite?
True
Is 282908641 composite?
False
Is 424342727 composite?
True
Is 38411 composite?
True
Is 177490919 prime?
True
Is 2790526 a composite number?
True
Is 130202453 prime?
False
Is 2971061 prime?
False
Is 195131191 a composite number?
False
Is 3014227 a composite number?
False
Is 570823 prime?
False
Is 3206297 a composite number?
False
Is 3204671 a composite number?
True
Is 53585303 prime?
False
Is 3143977 prime?
False
Is 5282861 prime?
True
Is 50967163 composite?
True
Is 3610003 a composite number?
False
Is 5347751 a prime number?
True
Is 587234 prime?
False
Is 31453385 prime?
False
Is 31327057 a prime number?
True
Is 782837 a composite number?
True
Is 109930153 prime?
True
Is 7166203 a prime number?
False
Is 39196897 prime?
True
Is 28438426 composite?
True
Is 135886159 prime?
True
Is 1604843 a prime number?
False
Is 1249467289 composite?
True
Is 242143955 a composite number?
True
Is 976817 a composite number?
False
Is 934651 a prime number?
False
Is 17916749 composite?
False
Is 291491399 a composite number?
False
Is 33039343 prime?
False
Is 3286897 a prime number?
False
Is 69914773 prime?
True
Is 54087181 prime?
True
Is 58932749 composite?
True
Is 26815331 a prime number?
False
Is 37657201 a prime number?
False
Is 18400541 prime?
True
Is 853079 a prime number?
True
Is 217684399 composite?
False
Is 143900099 composite?
True
Is 20571013 prime?
True
Is 39270155 composite?
True
Is 3208657 prime?
True
Is 27275461 composite?
True
Is 98982599 composite?
False
Is 26015629 a prime number?
True
Is 10199801 a composite number?
False
Is 18136823 prime?
True
Is 20929471 a composite number?
True
Is 1369777 composite?
True
Is 11509567 prime?
True
Is 231414199 a prime number?
True
Is 244873 composite?
False
Is 33152417 composite?
False
Is 268061 prime?
False
Is 6736111 a prime number?
True
Is 457220773 a composite number?
False
Is 159520481 prime?
False
Is 82222717 a composite number?
True
Is 550729 a prime number?
False
Is 303011 prime?
True
Is 25489309 a composite number?
False
Is 10629746 composite?
True
Is 10043239 a composite number?
False
Is 504583 prime?
False
Is 5711638 prime?
False
Is 577739 a composite number?
False
Is 364649809 prime?
True
Is 1045981 a composite number?
False
Is 7103563 a composite number?
True
Is 4268093 a composite number?
True
Is 12543301 composite?
False
Is 62948257 a prime number?
True
Is 1788313 prime?
True
Is 611999 a composite number?
False
Is 15749809 composite?
True
Is 979747 prime?
True
Is 68782247 a prime number?
False
Is 3104587 a composite number?
True
Is 332611 a composite number?
False
Is 882823 prime?
True
Is 1896823 prime?
True
Is 75561677 composite?
False
Is 572003 composite?
True
Is 881773 a composite number?
True
Is 25467707 a prime number?
False
Is 79397797 a composite number?
False
Is 134143871 prime?
True
Is 20528099 a prime number?
False
Is 131815463 a prime number?
False
Is 287551527 composite?
True
Is 51566813 a prime number?
True
Is 32194469 prime?
True
Is 495761345 a composite number?
True
Is 1199573 composite?
False
Is 772843 composite?
False
Is 5647771 composite?
False
Is 20502022 prime?
False
Is 3766877 composite?
True
Is 5401587 a prime number?
False
Is 19283189 a prime number?
False
Is 17910989 prime?
False
Is 711793 a prime number?
True
Is 24594179 a prime number?
True
Is 345413 a composite number?
False
Is 3457591 a prime number?
True
Is 93020419 prime?
True
Is 7943098 a prime number?
False
Is 7949017 prime?
True
Is 185593 prime?
True
Is 3020651 a composite number?
False
Is 9908257 a composite number?
False
Is 56727287 composite?
True
Is 70486445 prime?
False
Is 27397 a prime number?
True
Is 454181729 prime?
True
Is 11044603 prime?
False
Is 53086153 prime?
False
Is 15440227 a composite number?
True
Is 105382091 composite?
True
Is 1119199 prime?
False
Is 292354813 composite?
False
Is 38394583 a prime number?
True
Is 6115657 prime?
False
Is 32841911 prime?
False
Is 517967 composite?
False
Is 34013911 prime?
True
Is 1409549585 composite?
True
Is 2124919 a prime number?
True
Is 300744887 a composite number?
False
Is 48020701 prime?
True
Is 204017591 prime?
False
Is 24104057 composite?
True
Is 448667 a composite number?
False
Is 77950739 prime?
False
Is 87573 prime?
False
Is 193318069 composite?
True
Is 36534733 a prime number?
True
Is 86797643 composite?
True
Is 375553 prime?
True
Is 1991531 prime?
False
Is 1848469526 prime?
False
Is 1856581 a prime number?
True
Is 226099 composite?
False
Is 878489 composite?
False
Is 2660639 a prime number?
True
Is 10995763 prime?
True
Is 64931573 a composite number?
True
Is 55580521 a composite number?
True
Is 3942209 a composite number?
False
Is 220598339 a prime number?
False
Is 34137203 a composite number?
True
Is 6417287 a prime number?
True
Is 162524317 prime?
True
Is 7866473 prime?
True
Is 417691 a prime number?
True
Is 104933 prime?
True
Is 14299067 composite?
False
Is 21693153 a prime number?
False
Is 40049353 prime?
True
Is 268328257 a composite number?
False
Is 4741259 a prime number?
True
Is 4093703 a composite number?
True
Is 822473 composite?
True
Is 12504499 prime?
False
Is 14830601 a prime number?
True
Is 119863 a prime number?
False
Is 2381413 a composite number?
False
Is 6169915 composite?
True
Is 553741 a prime number?
False
Is 51397517 a prime number?
True
Is 1550291 a composite number?
True
Is 144345347 a prime number?
True
Is 3461309 a prime number?
True
Is 398399 composite?
True
Is 13341 prime?
False
Is 5294963 prime?
False
Is 45817241 a prime number?
True
Is 101837597 a composite number?
True
Is 287797 prime?
False
Is 214211 a composite number?
False
Is 23764511 a prime number?
False
Is 2015579 composite?
False
Is 9876899 a prime number?
True
Is 70397773 a prime number?
True
Is 5377993 composite?
True
Is 2426581 composite?
True
Is 209436701 a prime number?
False
Is 304358179 a prime number?
True
Is 15108693 a prime number?
False
Is 96668057 composite?
True
Is 784209119 a prime number?
False
Is 41658047 a prime number?
True
Is 22235131 a composite number?
True
Is 12167951 prime?
True
Is 935531 a prime number?
True
Is 84001067 composite?
True
Is 390462479 prime?
False
Is 2190997 composite?
False
Is 4553099 prime?
True
Is 21442037 a composite number?
False
Is 7679185 a prime number?
False
Is 5216617 prime?
False
Is 1191773 prime?
False
Is 712219 a composite number?
False
Is 749584139 composite?
False
Is 7687637 a prime number?
True
Is 21269174 a prime number?
False
Is 249331 prime?
False
Is 11575051 a prime number?
True
Is 1802999 a prime number?
False
Is 8685463 composite?
False
Is 49105501 a prime number?
True
Is 69514831 a prime number?
True
Is 451177 prime?
True
Is 4178861 prime?
True
Is 24073414 a prime number?
False
Is 1626727611 prime?
False
Is 5660653 prime?
True
Is 14106539 a composite number?
True
Is 250106 prime?
False
Is 381629 composite?
False
Is 2470387 prime?
True
Is 9516709 composite?
False
Is 2166251 composite?
False
Is 15803321 a prime number?
True
Is 3332321 a composite number?
False
Is 12397817 composite?
False
Is 2275759 composite?
True
Is 41890549 composite?
True
Is 3337211 prime?
True
Is 5767997 a prime number?
True
Is 36134515 a prime number?
False
Is 129211433 composite?
True
Is 30980983 a prime number?
False
Is 5233243 a composite number?
True
Is 550781971 a prime number?
True
Is 399881233 composite?
False
Is 2671303 composite?
True
Is 9525751 a composite number?
False
Is 1006739 composite?
False
Is 1868285 prime?
False
Is 17529847 prime?
True
Is 1455989 a composite number?
True
Is 13953871 prime?
False
Is 218991743 a prime number?
True
Is 54267619 composite?
True
Is 597013 a prime number?
False
Is 2569283 composite?
True
Is 63584663 a prime number?
True
Is 159241 a prime number?
False
Is 138939329 a composite number?
True
Is 3681813 a prime number?
False
Is 9557651 a prime number?
True
Is 13090127 compos